1020140200410
In base 3, what is 110000020001 + 202?
110000020210
In base 15, what is -11 - -be4e0de?
be4e0cd
In base 2, what is 10111100001100100 + 10011000001?
10111110100100101
In base 16, what is -4 + -2baf0a6?
-2baf0aa
In base 9, what is 111 + 266230?
266341
In base 15, what is -173 - -16420?
1629c
In base 10, what is -305 + 1106712?
1106407
In base 3, what is 200022110120022210 + -11?
200022110120022122
In base 16, what is -1b - fd119?
-fd134
In base 3, what is -211110 + 10121202120?
10120221010
In base 6, what is 5 + 35510354052?
35510354101
In base 9, what is -5 - 7085718?
-7085724
In base 11, what is -3 - -296a8102?
296a80aa
In base 10, what is -67 - 179966?
-180033
In base 10, what is 59732905 - -10?
59732915
In base 2, what is -1 - 110011111111100010111010111?
-110011111111100010111011000
In base 12, what is -1163b - -383?
-11278
In base 7, what is 3 + 123053515?
123053521
In base 14, what is -2 - -329b315?
329b313
In base 8, what is 122 + 1630757?
1631101
In base 6, what is -1 + 52403503333?
52403503332
In base 15, what is -99a300 - -3?
-99a2ec
In base 6, what is 5213 - 221000?
-211343
In base 6, what is -145212 - 4332?
-153544
In base 2, what is -10011110 + 1001101000110?
1001010101000
In base 4, what is 302220310 + 2333?
302223303
In base 10, what is -1459 + -4970?
-6429
In base 3, what is -120212122120010 - -12?
-120212122112221
In base 3, what is 221211022021 + -1121212?
221202200102
In base 2, what is -101 + 1011100010010010111011?
1011100010010010110110
In base 10, what is -279 + 25108?
24829
In base 12, what is -5 - -42b26ba7?
42b26ba2
In base 12, what is -b20622 + 3?
-b2061b
In base 10, what is -43430 + -238?
-43668
In base 7, what is 1 - 143330015?
-143330014
In base 13, what is 1 + -7183050?
-718304c
In base 4, what is -10220210003 - 0?
-10220210003
In base 9, what is 17621134 + -7?
17621126
In base 14, what is 6c - 707?
-679
In base 3, what is 2221220 - -10122101011?
10202100001
In base 5, what is 131032 - 2223120?
-2042033
In base 13, what is -4c + -19b051?
-19b0a0
In base 12, what is 636971b7 + -3?
636971b4
In base 3, what is -22221210 + -2100011?
-102021221
In base 2, what is -1000 + -10000110111111000000?
-10000110111111001000
In base 16, what is 24cf + -1d87?
748
In base 7, what is 102 - 10553255?
-10553153
In base 11, what is -81310 - -705?
-80706
In base 16, what is -2 - -35d1e21?
35d1e1f
In base 4, what is 202 - -221131200101?
221131200303
In base 12, what is 1177 + -138986?
-13780b
In base 12, what is 2a98 + 1a0b1?
20b89
In base 10, what is 7517 + 6431?
13948
In base 15, what is 2 + -5ec73?
-5ec71
In base 10, what is -45251 + -5998?
-51249
In base 13, what is 2017 + 29c5?
4a0c
In base 11, what is 221 - 23404?
-23193
In base 11, what is 101153 + -3049?
a9105
In base 12, what is 78b56b + -26?
78b545
In base 14, what is 80520d0 - 1?
80520cd
In base 10, what is 0 - -9904696?
9904696
In base 12, what is -68 - 108014?
-108080
In base 14, what is -63a4a8 - 5?
-63a4ad
In base 10, what is -1 + 593460?
593459
In base 12, what is 433b8b02 - 0?
433b8b02
In base 11, what is 6a0 - 31474?
-30884
In base 8, what is 210570117 - -4?
210570123
In base 9, what is -2 - -341737?
341735
In base 15, what is -b4 - 128da?
-1299e
In base 3, what is -10121021 + -1000100?
-11121121
In base 6, what is 43130101510 - 4?
43130101502
In base 15, what is 1 - -915165?
915166
In base 11, what is 5 + 1102762?
1102767
In base 11, what is -2a - -77720?
776a1
In base 5, what is -14 + 31242240203?
31242240134
In base 14, what is -5 + -6db0560?
-6db0565
In base 16, what is -10a0ca + 41?
-10a089
In base 7, what is -5 + -31432500?
-31432505
In base 6, what is 33015252 - 201?
33015051
In base 9, what is -1408123 + 1?
-1408122
In base 6, what is 54024335 - 1?
54024334
In base 2, what is 101111111 - 10100011100101?
-10011101100110
In base 15, what is 53 - -345ea?
3464d
In base 14, what is 2 + 4bb837?
4bb839
In base 3, what is -12 + 100021002021222?
100021002021210
In base 13, what is -bb2a + 2546?
-95b4
In base 6, what is 15531344 - 210?
15531134
In base 5, what is 110 + -140420021?
-140414411
In base 11, what is -70a - 11342?
-11a51
In base 12, what is -983471 + -148?
-9835b9
In base 3, what is -1202201202 - -1212120?
-1200212012
In base 14, what is -442490 + -4?
-442494
In base 15, what is 18a9571 - 26?
18a954a
In base 10, what is 2733 + -2651?
82
In base 13, what is b99 + 992?
185b
In base 16, what is -51c5c + 1eb?
-51a71
In base 3, what is 122202000 - 11112101?
111012122
In base 5, what is 10 - -430332000?
430332010
In base 12, what is -4 - 24b43b15?
-24b43b19
In base 5, what is -324 + 1124322104?
1124321230
In base 10, what is -27986745 - -1?
-27986744
In base 11, what is 1a77a7 - 154?
1a7653
In base 14, what is -3a3718 - -17?
-3a3701
In base 10, what is 5230437 + -4?
5230433
In base 15, what is -10c5 - -bc6?
-3ee
In base 12, what is -372147 - -32?
-372115
In base 9, what is -15463760 + 6?
-15463753
In base 3, what is -2022110 - -21201100?
12101220
In base 8, what is 626 - 1622236?
-1621410
In base 7, what is -266463 + -3?
-266466
In base 8, what is 70 + 5642557?
5642647
In base 11, what is -11 - -9879aa?
987999
In base 9, what is -24820560 + -2?
-24820562
In base 11, what is -28 + -134142?
-13416a
In base 4, what is -33311002013012 + 11?
-33311002013001
In base 7, what is -4 + 41553142?
41553135
In base 8, what is 0 - 371210671?
-371210671
In base 4, what is 1313 - -102201322?
102203301
In base 9, what is -3188 - -26815?
23616
In base 15, what is -12bdc + 200?
-129dc
In base 10, what is -223 - 191566?
-191789
In base 6, what is 41 + -335042200?
-335042115
In base 10, what is -19380 - -847?
-18533
In base 13, what is 17741c - -1c9?
177618
In base 3, what is 1222 + 1200010021221?
1200010100220
In base 10, what is -1 + -24046228?
-24046229
In base 5, what is -443 + 303143432?
303142434
In base 4, what is 3 - -13320130100?
13320130103
In base 11, what is 1888 - -53562?
5533a
In base 3, what is -11 + -102021001211020?
-102021001211101
In base 15, what is -5 + -1201aa?
-1201b0
In base 13, what is b3 + 21a659?
21a73c
In base 11, what is 17300 + -9330?
8a80
In base 8, what is 0 - -16065153?
16065153
In base 12, what is 34645a + -12b?
34632b
In base 7, what is -20350 + 341334?
320654
In base 10, what is -3 + -348988895?
-348988898
In base 5, what is 141243 - -34?
141332
In base 5, what is -21100013 - -3341?
-21041122
In base 11, what is a271702 - a?
a2716a3
In base 10, what is 44 + 393746?
393790
In base 13, what is 1bb8329 - 0?
1bb8329
In base 8, what is -14244 - -2447?
-11575
In base 7, what is 53245 + 3130?
56405
In base 15, what is -13864e1 + -1?
-13864e2
In base 9, what is 24120 + 11400?
35520
In base 9, what is 205615327 + 2?
205615330
In base 4, what is -1 - -312302121210?
312302121203
In base 2, what is -10110010110001011000 + -11101110?
-10110010110101000110
In base 12, what is 1 + 501310?
501311
In base 10, what is -2 + -1252654?
-1252656
In base 4, what is 11 - -112312010322?
112312010333
In base 14, what is -9d9 + -217d?
-2b78
In base 5, what is -140431402331 - -4?
-140431402322
In base 16, what is b4a24 - -35?
b4a59
In base 3, what is 2212 - -2001120010?
2001122222
In base 7, what is -33141422 + 4?
-33141415
In base 11, what is 77345 - 2aa?
77046
In base 6, what is 0 + -100432222?
-100432222
In base 15, what is 4d13d2 - 26?
4d13ab
In base 7, what is 2 + -542116266?
-542116264
In base 8, what is 2225515154 + -1?
2225515153
In base 16, what is ae823 - 24d?
ae5d6
In base 13, what is -1 + -845a2c?
-845a30
In base 5, what is -4144 - -322200300?
322141101
In base 11, what is -5 + -743955?
-74395a
In base 5, what is 434 - 44010132?
-44004143
In base 8, what is 276 + 676330?
676626
In base 7, what is -21 + 222300140?
222300116
In base 13, what is -a228 + 304?
-9c24
In base 16, what is 1 + 4d1891?
4d1892
In base 8, what is 20351 - 1377?
16752
In base 5, what is -11 - -104422144?
104422133
In base 8, what is -1261241 - -22?
-1261217
In base 6, what is -4430 - -2242320?
2233450
In base 11, what is 15865 + 1983?
17738
In base 2, what is -11001111101111010111101 + 11?
-11001111101111010111010
In base 12, what is -2b6 - 768815?
-768b0b
In base 8, what is 1 - 324637075?
-324637074
In base 3, what is 2112011110 + 111?
2112011221
In base 3, what is -21011101100